31363 prime?
True
Is 16917232139 prime?
True
Is 3298363531 a prime number?
False
Is 50177531291 composite?
False
Is 89381943083 a prime number?
False
Is 156754409 prime?
False
Is 2985946603 prime?
True
Is 88820925923 composite?
True
Is 44837467 composite?
False
Is 2480370411 a prime number?
False
Is 417715187 prime?
True
Is 64711042709 composite?
False
Is 131926589 composite?
False
Is 70716926831 a composite number?
True
Is 36773574613 prime?
False
Is 4348352773 a prime number?
True
Is 31972986277 prime?
True
Is 38750030227 prime?
True
Is 5022373523 a composite number?
True
Is 84250567 prime?
True
Is 4659348719 a prime number?
True
Is 3454533661 a prime number?
True
Is 3448848371 a composite number?
False
Is 1067930107 composite?
True
Is 77807173 a prime number?
True
Is 5491657 prime?
True
Is 1262075501 prime?
True
Is 1054008961 prime?
False
Is 1234116941 prime?
False
Is 41632534369 a composite number?
False
Is 499942741 prime?
False
Is 12594417899 a composite number?
True
Is 5464851883 a composite number?
True
Is 20016206459 composite?
True
Is 71469475397 a composite number?
True
Is 77028011133 prime?
False
Is 7408586227 composite?
True
Is 1202058079 a prime number?
True
Is 468669959 composite?
False
Is 825266807 composite?
True
Is 4670427607 prime?
False
Is 1890034105 a prime number?
False
Is 20637425209 composite?
False
Is 9480747109 composite?
False
Is 592859279 composite?
False
Is 125967761 prime?
False
Is 13920831751 prime?
False
Is 133190791 composite?
False
Is 72326407 prime?
False
Is 11646480451 a prime number?
True
Is 8473500403 prime?
False
Is 777604781 a composite number?
True
Is 61520955653 a prime number?
False
Is 3229743953 a prime number?
False
Is 1417269757 composite?
False
Is 5401904741 a composite number?
True
Is 40661975609 a prime number?
False
Is 47512298143 prime?
True
Is 7589538169 a composite number?
False
Is 887604521 a composite number?
True
Is 25072905769 prime?
False
Is 3268666537 composite?
True
Is 18421271299 a prime number?
True
Is 26086462265 a composite number?
True
Is 3297487123 a composite number?
True
Is 184196103023 prime?
True
Is 8518489729 a composite number?
False
Is 3238494851 a prime number?
True
Is 249638695 a composite number?
True
Is 15954789803 prime?
False
Is 10835983891 prime?
True
Is 1237284211 composite?
True
Is 46621895821 prime?
True
Is 2054727133 composite?
True
Is 91850656097 composite?
False
Is 18187800989 composite?
False
Is 2055368951 composite?
False
Is 850807319 prime?
True
Is 59227386863 prime?
True
Is 228186818857 a composite number?
False
Is 2077990261 prime?
False
Is 13397487113 prime?
True
Is 17573675893 prime?
True
Is 3324653543 a prime number?
True
Is 391669423 prime?
True
Is 1781188597 a prime number?
False
Is 627373823 a prime number?
False
Is 1491853211 composite?
False
Is 7834680314 a prime number?
False
Is 11007692711 a composite number?
True
Is 2052782155 prime?
False
Is 6924321217 a composite number?
True
Is 86850541 prime?
False
Is 80326524533 composite?
True
Is 3461413181 composite?
False
Is 83212072235 composite?
True
Is 3652570007 a composite number?
True
Is 1883333801 composite?
True
Is 1953997381 a prime number?
False
Is 455537939 a prime number?
False
Is 613410073 composite?
False
Is 1049793029 a composite number?
False
Is 130912048081 a prime number?
True
Is 1424805397 composite?
False
Is 36789514933 prime?
False
Is 9327134513 a prime number?
False
Is 209748113 prime?
True
Is 95813107513 prime?
True
Is 1856264173 composite?
False
Is 116371633 a composite number?
True
Is 24764128859 composite?
True
Is 18218520961 composite?
True
Is 4027225021 prime?
True
Is 73625381369 composite?
True
Is 44462239 composite?
True
Is 4287426569 prime?
True
Is 520717501 composite?
True
Is 4547515213 a prime number?
False
Is 1338870497 a composite number?
False
Is 124894361 composite?
False
Is 22889988379 a prime number?
True
Is 26878447229 a prime number?
True
Is 30291456187 a composite number?
True
Is 423418687 composite?
True
Is 29115534442 a composite number?
True
Is 397062811 a composite number?
True
Is 1242869051 a prime number?
False
Is 9682548677 a prime number?
True
Is 321615853235 prime?
False
Is 112866570337 a composite number?
False
Is 5410236701 prime?
True
Is 6249901699 composite?
False
Is 136013891 a prime number?
False
Is 625531877 a composite number?
True
Is 14364877897 composite?
True
Is 11542231003 a composite number?
True
Is 1856707709 a prime number?
False
Is 8055393611 a composite number?
True
Is 29349339119 composite?
True
Is 417403589 a prime number?
True
Is 6966569809 composite?
False
Is 8328286789 composite?
True
Is 5712549121 composite?
False
Is 78779669849 a prime number?
True
Is 161052433 a composite number?
False
Is 2062239671 composite?
False
Is 22299758927 a prime number?
True
Is 359980589 composite?
True
Is 11384154835 composite?
True
Is 53865614347 a composite number?
True
Is 373288297 a prime number?
True
Is 25113831559 prime?
True
Is 12253668413 a composite number?
True
Is 2010481939 prime?
True
Is 4301021273 a composite number?
False
Is 44898709642 a prime number?
False
Is 10582218159 a prime number?
False
Is 44127413 a composite number?
True
Is 3160360523 a prime number?
True
Is 8097189911 composite?
False
Is 45831876287 a composite number?
True
Is 58972741 a prime number?
False
Is 4578654383 a prime number?
True
Is 121687414 prime?
False
Is 129603737 composite?
True
Is 1241927633 a prime number?
False
Is 1741312583 a prime number?
False
Is 216604013 a composite number?
False
Is 79559131 prime?
False
Is 41770957429 prime?
False
Is 223063898581 prime?
False
Is 6943304609 prime?
True
Is 6831521293 composite?
False
Is 2528657891 a prime number?
False
Is 263595533 prime?
False
Is 205947523 a composite number?
True
Is 6465798169 a composite number?
False
Is 24478252039 composite?
False
Is 5608423871 a prime number?
True
Is 140413567733 a composite number?
False
Is 4437927547 prime?
False
Is 35440557613 a composite number?
False
Is 280271891 prime?
False
Is 28687651 prime?
False
Is 3152715967 prime?
True
Is 3322165417 a prime number?
True
Is 1249800403 composite?
False
Is 102417869 prime?
True
Is 1222797371 prime?
False
Is 500107703 a prime number?
False
Is 13782535721 prime?
False
Is 15629699387 composite?
False
Is 14243205827 composite?
False
Is 333797269 a prime number?
False
Is 76319736527 prime?
False
Is 7899682151 a prime number?
False
Is 31627133533 a composite number?
True
Is 4508764291 prime?
True
Is 1054915061 a composite number?
True
Is 21021589271 a prime number?
True
Is 13490720527 a prime number?
False
Is 159398149139 a prime number?
False
Is 3542824657 a prime number?
True
Is 95853982901 a prime number?
True
Is 17553150781 a prime number?
True
Is 1100444077 prime?
True
Is 15705467537 prime?
False
Is 12843486301 a composite number?
False
Is 6854147233 a prime number?
False
Is 52714665943 a composite number?
False
Is 1810968697 a prime number?
True
Is 759749663 a prime number?
False
Is 960004059011 prime?
True
Is 59335665757 composite?
False
Is 2049029419 prime?
True
Is 8283047557 composite?
False
Is 3970047607 a composite number?
False
Is 496954487 prime?
False
Is 8317825657 composite?
False
Is 2865595679 prime?
False
Is 7478702797 prime?
False
Is 8586231617 composite?
False
Is 35633940334 a prime number?
False
Is 190086733 a composite number?
False
Is 1997326687 prime?
True
Is 7017522763 composite?
False
Is 4488059899 composite?
True
Is 2011576079 prime?
True
Is 4488586867 prime?
True
Is 4991064641 a prime number?
True
Is 87031387501 composite?
False
Is 220436659 a composite number?
True
Is 141860167 a prime number?
True
Is 26356009 a composite number?
False
Is 473700901 a composite number?
False
Is 12194569 prime?
True
Is 188801521 a composite number?
False
Is 27245217739 a composite number?
True
Is 89539804579 a prime number?
False
Is 32290235983 prime?
False
Is 27754505327 a composite number?
False
Is 23271531191 composite?
True
Is 806364641 composite?
False
Is 9035421119 prime?
True
Is 64911672431 a prime number?
True
Is 74785013071 a prime number?
False
Is 15991273643 composite?
True
Is 87514672627 composite?
False
Is 5492654095 prime?
False
Is 97209579581 composite?
False
Is 135871461911 prime?
False
Is 535364983 a prime number